q. Determine o(1).
-6
Let o be ((-4)/(-6))/((-8)/(-6) + -1). Let f(k) = -o*k - 2 + 0 + 3*k - 2*k. Calculate f(-6).
4
Let l(r) = r**3 - 11*r**2 + r + 5. Let z(x) = -2*x + 23. Let u be z(6). Calculate l(u).
16
Let r(s) = -8*s - 18. Let b(g) = 4*g + 9. Let p(u) = -5*b(u) - 2*r(u). Let f(k) = 2*k + 5. Suppose -27*y - 40 = 14. Let t(q) = y*p(q) - 5*f(q). Calculate t(-6).
5
Let m(l) = -l**3 + 8*l**2 - 7*l + 3. Suppose 0 = z - 31*z + 180. Determine m(z).
33
Let i(q) = -25*q**3 - 3*q**2 - 15*q + 8. Let j(g) = -21*g**3 - 2*g**2 - 13*g + 7. Let u(h) = -5*i(h) + 6*j(h). Give u(4).
-26
Let w(c) be the first derivative of c**2/2 - c - 96. Let z = 0 + 1. Let p be -4*(-1)/(-2)*z. Determine w(p).
-3
Suppose -l - 30 = -7*l. Suppose -s - l = 0, -f = -4*f + 3*s + 21. Let g(w) = 8*w - 39*w**3 + 5*w**f - 2*w + 40*w**3. Give g(-4).
-8
Let m(j) = 5*j**3 - 2*j**2 - j + 2. Let d(z) = 26*z**3 - 11*z**2 - 4*z + 12. Let a(o) = 2*d(o) - 11*m(o). Determine a(-2).
20
Let y be (-4)/4*(-2 - 0). Let j(l) = -l**3 + 7*l**2 - 6*l + 2. Let q be j(6). Let k(d) = -q*d**3 - 5*d - 2*d**2 + 3 + 5*d**2 + 2*d + 0*d**2. Calculate k(y).
-7
Let v be (-4819)/237 - 4/6. Let g(t) = -t**3 - 23*t**2 - 42*t + 9. Give g(v).
9
Let o(y) = -142*y + 7. Let x(l) = -16*l. Let s(w) = -2*o(w) + 18*x(w). Determine s(-6).
10
Let l(n) = 6141*n**2 - 6*n - 6142*n**2 + 8 - 5. Let s be -7 + (2*1 - 1). Give l(s).
3
Suppose 34 + 12 = -23*s. Let f(t) = t**2 - t + 1. Determine f(s).
7
Let n(w) = w + 22. Suppose z + 5*l = -25, 1 = -2*l - 9. Give n(z).
22
Let d = -29 - -31. Suppose 3*a = 9, -4*a + 8 = -d*l + 3*l. Let m(c) = -c**3 - 6*c**2 - 5*c - 2. Calculate m(l).
-14
Let k be 1/(-4) + (-63)/(-28). Let i(t) = 0*t + k*t + 2*t + t**2 - 7*t + 2. What is i(3)?
2
Let s be (-2)/(-1 - (-5)/3). Let v(w) = -4*w + 4. Let o(a) = 1. Let p = -135 + 140. Let r(k) = p*o(k) - v(k). What is r(s)?
-11
Let l(y) = -22*y - 202. Let n be l(-9). Let g(w) = w**2 + w + 4. Calculate g(n).
16
Let v(s) = 4*s - 3. Let m(g) = g**2 + 11*g + 4. Suppose -22 = 18*w - 16*w. Let f be m(w). Determine v(f).
13
Let a(p) = 7*p**3 + 8*p**2 - 17*p + 5. Let v(h) = -4*h**3 - 4*h**2 + 9*h - 2. Let g(c) = 3*a(c) + 5*v(c). Determine g(-5).
10
Let j(c) = -1. Let x(g) = -4*g - 8. Let m(u) = -12*j(u) + x(u). Let i(a) = 5*a - 5. Let b(s) = -5*i(s) - 6*m(s). Determine b(6).
-5
Suppose -32*a - 22 = -21*a. Let f(h) = -7*h**2 - h - 2. Calculate f(a).
-28
Let k(c) = 7*c**3 - 6*c**2 - c**3 - 11*c**2 + 19*c**2 - 1. Determine k(1).
7
Suppose 3*o - 4*l - 7 = 0, -2*l = 4*o - 3*l - 5. Let s(g) be the third derivative of 1/6*g**3 + 0*g**4 - 5*g**2 + 0*g + 3/20*g**5 + 0. What is s(o)?
10
Let a(y) = 2*y + 2. Let o = 92 - 90. Suppose -6*q + 32 = o*q. Calculate a(q).
10
Let f(h) be the first derivative of 4/3*h**3 - 1/20*h**5 - 4*h + 1/4*h**4 - 6 - 3/2*h**2. Let p(t) be the first derivative of f(t). What is p(5)?
-13
Let g(p) = -p**3 - 5*p**2 - 2*p + 4. Let w(v) = -v**2 - 2*v - 1. Suppose 3*s + 4*k + 4 = 5*k, 5*k = 5*s - 10. Let c be w(s). What is g(c)?
-4
Let p(r) = 2*r - 21. Let j be p(12). Let q(i) = -4*i**3 + 83*i - 2 + 5*i**j - 2 - 78*i + 6*i**2. Determine q(-4).
8
Let b(h) be the first derivative of -h**4/4 - 2*h**3/3 + h**2 + 2*h + 248. Give b(2).
-10
Let r be 32/(-5 + -3) - -6. Let h(n) be the second derivative of -5*n + r*n**2 + 0 - 2/3*n**3. What is h(3)?
-8
Suppose 0 = 4*k - 4. Let i be (4/k - 1) + 1. Suppose -4*a + 32 = -4*j - 0, -4*a - 3*j + i = 0. Let q(t) = 2*t - 1. Determine q(a).
7
Let i(h) = -h**2 - 10*h - 3. Suppose 0 = -5*y - 13 + 53. Suppose 5*j = -5*d - 20, 3*j - 2*j - y = d. Give i(d).
21
Let m(c) = -c**2 - 5*c - 4. Let i be m(-3). Let q(g) = 4*g - i + 2*g + 1 - 4*g. Give q(3).
5
Let t(p) = -p**3 - p**2 + p - 6. Let x = -76 + 79. Let q be (-1 - 1 - -3) + (x - 4). Calculate t(q).
-6
Let z(f) be the third derivative of 2*f**2 + 0 - 1/2*f**3 + 0*f - 1/8*f**4. Determine z(-4).
9
Let o(y) = -5*y - 1. Let f(a) = 3*a**2 + 5*a - 5. Let u be f(2). Suppose -5 = -u*x + 22*x. Give o(x).
4
Suppose 2*a - 5*h + 10*h = 35, h + 65 = 2*a. Let z(c) = -55 + a + 26 + 5*c**2 - c. Give z(-2).
23
Let m(j) = 5*j**3 + 4*j**2 - 7*j + 13. Let t(n) = 3*n**3 + 3*n**2 - 4*n + 7. Let f(d) = -4*m(d) + 7*t(d). What is f(-3)?
15
Suppose 0 = -34*b + 40*b - 420. Let k = -70 + b. Let v(w) = -w**2 - w - 5. What is v(k)?
-5
Suppose q - 2*q = 0. Let y(u) = 126*u - 66*u - 7 - 59*u. Determine y(q).
-7
Let y = 37 - 33. Let o(m) = -y - 2 + 34*m - 29*m. Calculate o(4).
14
Suppose -1 = -u + 4. Let p(n) = n**3 - n**2 - 5*n + 2. Let y(x) = -3*x**3 + 4*x**2 + 15*x - 5. Let h(l) = 8*p(l) + 3*y(l). Determine h(u).
1
Let x = 2936 + -2931. Let q(u) = 2*u**2 - 3*u - 3. Calculate q(x).
32
Let k = -732 - -1712. Let h(l) = -k*l - l**3 - 8 - 4*l**2 + 979*l + 3. Determine h(-4).
-1
Let i = 25 - 18. Let v(w) = i*w + 6*w**2 + 1 + w**3 + 3 - 3. Calculate v(-5).
-9
Suppose -379 = 4*r - 367. Let s(k) = -k**3 - 2*k**2 + 4*k - 7. Determine s(r).
-10
Suppose -3 = c - 0. Let p(d) = -d**3 - 5*d**2 - 5*d + 6. Let n(t) = t**3 + 6*t**2 + 7*t - 7. Let h(r) = -4*n(r) - 5*p(r). Give h(c).
-11
Let b(z) = 9*z - 23. Let k(l) = 4*l - 11. Let i(o) = -2*b(o) + 5*k(o). Let d(p) = p**2 - 9*p - 4. Let m be d(7). Let h be (m/27)/(2/(-18)). Determine i(h).
3
Suppose -3*l = -2*r + 31, 5 = 3*r + 2*l - 9. Let v(j) = -245*j + 0*j**2 - r*j**2 + 245*j. Determine v(1).
-8
Let y(u) = u**2 - 3*u - 22. Let f = 451 - 444. Give y(f).
6
Let m(w) = w**3 + 7*w**2 - 5*w - 2. Let s be m(0). Let n(i) = 7*i + 13. What is n(s)?
-1
Let d(o) = -19*o**3 + 2*o**2 - 2*o + 1. Let l(h) = -5*h - 14. Suppose 3*i = 31 - 40. Let p be l(i). Calculate d(p).
-18
Let i(w) = -w**3 - 9*w**2 + 5. Let v = -11 - -2. Give i(v).
5
Let u be (3 + -2 - 3) + 5. Let l(s) be the first derivative of -s**3/3 + 2*s - 907. What is l(u)?
-7
Let r(f) be the second derivative of -f**4/12 - 2*f**3/3 - 2*f**2 - f - 5. Determine r(-2).
0
Let y(c) = c - 20. Let t = 1081 + -1081. Give y(t).
-20
Let f(p) = 3 - 7*p + 3*p + 76*p**2 - 75*p**2. Suppose 0 = -3*c + 5*c - 8. Give f(c).
3
Let h(m) be the third derivative of -m**6/120 - 7*m**5/60 - 7*m**4/24 + 2*m**3/3 - 2*m**2. Let q be 4/2*(-42)/28 + -3. Determine h(q).
10
Let v(c) = -c**2 - 7*c + 12. Suppose 8*a - 35 = -107. Give v(a).
-6
Suppose 4*u - 4*d - 16 = 0, -4*u - 4 = 3*d - 20. Let r(v) = v**3 - 5*v**2 - v + 7. What is r(u)?
-13
Let f be (-62)/(-22) + (-48)/(-264). Let z(n) = -4*n - 3. Give z(f).
-15
Let d(i) = -11 + 11 + 5*i**2 - i + 7*i**2. Let w be -3 + -4 + 24/4. Determine d(w).
13
Let a(t) = 3*t**2 - 2*t**2 - t - t**3 + 5 + 2*t. Let w(x) = -x**2 + x. Let v(o) = -o**3 - 6*o**2 - 6*o - 4. Let r be v(-5). Let g be w(r). Calculate a(g).
5
Let a(c) = c + 2. Let l be (1 - -7)*(46 + -47). Determine a(l).
-6
Let w be 16 - 8/(-6)*-3. Let u be (-18)/w - (-33)/2. Suppose 0 = -12*i + u*i - 9. Let t(a) = -a**2 + 4. Determine t(i).
-5
Suppose -3430 + 3463 = -11*p. Let b(j) = -2*j**2 - 4*j + 2. What is b(p)?
-4
Suppose 6*d - 13*d - 56 = 0. Let z(y) = 3*y**2 + 37*y + 16. Let k(v) = v**2 + 12*v + 5. Let o(h) = 7*k(h) - 2*z(h). Determine o(d).
-13
Suppose 0 = -15*n + 18*n - 24. Let l(m) = 8*m - n + 2*m**3 - m**3 + 21 + 0 - 10*m**2. Determine l(9).
4
Let l(y) = y**3 - y**2. Let t(g) = -g**3 + 14*g**2 + 2*g - 29. Let z be t(14). Let x(a) = -3*a**3 - 3*a**2 - 6*a. Let u(m) = z*x(m) - 2*l(m). Give u(-4).
-8
Let o(v) = 3*v + 20089 - 20089. Calculate o(1).
3
Let w(m) be the third derivative of -m**4/24 - m**3/6 + 13*m**2. Let x(k) = 6*k + 14. Let g(r) = -5*w(r) - x(r). Give g(0).
-9
Suppose 2*w = 3*h - 17, 3*w - 4*h + 9 = -5*h. Let k(m) = -3*m**2 - 9*m + 2. What is k(w)?
-10
Let m be (-264)/(-99) - (1 + (-1)/3). Let a(j) be the third derivative of -1/24*j**4 + 0*j - 5*j**m - 7/6*j**3 + 0. Calculate a(-7).
0
Let i(c) = -c + 3. Let d(h) = 4. Let n = -30 + 26. Let p(x) = n*d(x) + 3*i(x). What is p(-6)?
11
Suppose 2*j - 32 + 42 = 0. Let w(m) = -m**2 - 5*m - 3. Give w(j).
-3
Let x(k) = -k**2 - 7*k - 2. Suppose -3*f + 27 = u + 3*u, -5*u = -3*f - 27. Suppose -d = p + 4, 3*d - u + 23 = 2*p. What is x(d)?
8
Let u(j) = 229*j - 5. Let a be u(1). Let s(b) = 1 + 451*b - a*b - 220*b - b**2. Give s(8).
-7
Suppose s - 3 - 4 = 0. Let g(b) = b**3 - 8*b**2 + 7*b + 4. Let m be g(s). Let f(z) = z**2 + 3*z**2 + z**2 - 6*z**2 + 2*z. Calculate f(m).
-8
Let j(x) be the first derivative of -